of h(m)?
1
Let f(u) = 7*u**2 + u - 1. Let w(i) = -i + 13. Let d be w(15). What is the units digit of f(d)?
5
What is the tens digit of ((-9)/(-3) - -2) + 34?
3
Suppose 4*w = 3*a - 0*w - 1037, -a = -2*w - 345. What is the hundreds digit of a?
3
Suppose -4*a = 15 - 3. Let j = 3 - 5. Let y = j - a. What is the units digit of y?
1
Suppose s + 3*z = -2*s + 1050, -2*z - 335 = -s. What is the tens digit of s?
4
Suppose h = -0*h + 23. Suppose 5*k = -5*j - 35, 2*k + 5*j = -0*k - h. What is the units digit of (-36)/k + (-4 - -1)?
6
Let f(w) = -w**3 + 17*w**2 + 35*w + 36. What is the tens digit of f(18)?
4
Let f(h) = h**2 + 16*h - 2. Let i be f(-16). Let c be (-1 + -4)*(2 - 0). What is the tens digit of 1*c*i/2?
1
Suppose 5*x = v + 16 - 4, x + 12 = 5*v. Suppose v*u = -t + 28, 3*t - 72 = u + 2*u. What is the units digit of t?
5
Let n = -24 + 179. Let s = n - 103. What is the tens digit of s?
5
Let c = 121 - -32. What is the hundreds digit of c?
1
Let p = 16 + -13. Suppose -12 = p*y - 84. What is the tens digit of y?
2
Suppose -5*r + 20 = 3*l - 5, -4*l = -2*r + 10. Let k = 0 - -2. Suppose -k*d - r = -3*d. What is the units digit of d?
5
Let h = -10 + 14. Suppose t - 37 = -h*z, -z = -5*z - 4*t + 40. What is the units digit of z?
9
Let m = 46 - 29. Let s = m + -10. What is the units digit of s?
7
Suppose -j + 1 = -1. Let n = -1 + j. What is the units digit of n?
1
Let v = -5 + 3. Let g be (1/1)/(-1) + -4. What is the units digit of ((-12)/(-10))/(v/g)?
3
Suppose -5*t - 3*f = 2*f, 9 = 5*t + 2*f. What is the units digit of t/(-2) - 14/(-4)?
2
Suppose -1 + 3 = -2*z, 5*y - 4*z = 24. Let t(i) = -i**2 + 6*i - 1. Let p be t(5). Suppose 2*n - p = -2*n - v, -y*v = 0. What is the units digit of n?
1
Let q(o) = 10*o**3 + 2*o**2 - o. Let g = -2 - -3. What is the tens digit of q(g)?
1
Let q be (-2 - -1) + (0 - 8). Let m = q - -5. Let i = 2 - m. What is the units digit of i?
6
Suppose 5*f = -4*x + 18, -f + 7 = x + 3. Suppose -x*d - 6*c + c - 11 = 0, -2*d = 3*c + 5. Suppose 0 = -d*k + 7*k - 5. What is the units digit of k?
1
Suppose -47 = -5*s + 2*g + 121, -5*g = 20. Suppose -4*k - 22 = -r, 2*k + s = 2*r - 3*k. What is the units digit of 2 - 2/(-3)*r?
6
Let d = 35 - -23. What is the tens digit of d?
5
Suppose -177 = -3*d - 2*d + s, s - 3 = 0. What is the tens digit of d?
3
Let v = -17 + 21. What is the units digit of v?
4
Let g be (2/(-6) - 0)*-9. Let f(r) = g*r - 5 + 6*r**2 + r**3 + 2 - 3. What is the units digit of f(-5)?
4
Let z = 2 - 9. Let k = z + 9. Suppose 3*r = 4*r - k. What is the units digit of r?
2
Suppose 0 = 3*s - 6*l + 3*l - 54, 0 = -5*s + 4*l + 92. Suppose -s = -m + 6. What is the tens digit of m?
2
Suppose 248*y = 252*y - 144. What is the tens digit of y?
3
Suppose 8 = -5*a - 2. Let y be (24/(-18))/((-1)/9). What is the tens digit of a*(-4)/(y/15)?
1
Let h = 4 - 2. Let g be (h*5)/((-5)/(-5)). Let y(q) = q - 8. What is the units digit of y(g)?
2
Let v = -1 + 7. What is the tens digit of (-14 - 1)*(-4)/v?
1
Suppose -w = 4*w - 225. What is the tens digit of w?
4
Let i = 2 - 3. Let p be (2 + i)*6/3. Let u = p + 2. What is the units digit of u?
4
Suppose -3*c = -c - 4. Suppose 2*o = -5*h - c*o + 4, -o = 4. Suppose -h*g = -7*g + 9. What is the units digit of g?
3
Suppose -8*b + 12*b = 52. Let f(t) = -t**3 + 13*t**2 + 13. What is the tens digit of f(b)?
1
Let j = -4 + 7. What is the units digit of j/4 - (-20)/16?
2
Suppose -60 = -4*p + 2*o, -3*p + 0*o = o - 40. Suppose -3*b + p = -4. What is the units digit of b?
6
Let q = -47 + 72. Let y be (-1)/(-1)*q/(-5). Let o = y - -9. What is the units digit of o?
4
Suppose 2*w = 4*m - 12, -m + 10 - 2 = 2*w. Suppose 4*s = w*s + 12. What is the units digit of (2 - 8)*(-4)/s?
4
Let i(h) = 5*h**2 - 15*h - 1 - h + h**3 + 7*h. What is the units digit of i(-6)?
7
What is the units digit of ((-10)/3)/((-20)/30)?
5
Suppose -3*p + 149 = -256. What is the hundreds digit of p?
1
Let o(f) = -12*f**3 + 2*f + 1. Suppose 5*w = -0*w - 5. What is the tens digit of o(w)?
1
Let z = 104 + -17. What is the units digit of z?
7
Let s = -49 + 148. What is the units digit of s?
9
Let y = -46 + 143. What is the units digit of y?
7
What is the tens digit of ((-78)/(-9))/((-1)/(-3))?
2
Let l = -172 - -362. What is the units digit of l?
0
Let u = -8 + 26. What is the units digit of u?
8
Suppose 0 = -5*y + 4*k - 5 - 6, 3*k = 5*y + 12. Let i(b) be the second derivative of b**4/6 + b**3/2 + b**2/2 + 4*b. What is the units digit of i(y)?
0
Suppose 548 = 4*c - 5*f, 0*c - 4*c - 4*f = -584. What is the hundreds digit of c?
1
Let s(g) = 2*g**2 + 2*g - 2. Suppose -2*n - 3*n + 10 = 0. What is the units digit of s(n)?
0
Let a(d) = 7*d**2 + 8 + 1 - 2*d**3 + d**3 - 6 + 3*d. What is the tens digit of a(7)?
2
Let z = 3 - 0. What is the units digit of z?
3
Let n(z) = z**3 - 10*z**2 + 2*z - 9. Let f be n(10). Suppose -19 = -5*l + f. What is the units digit of l?
6
Let x = -10 - -13. Let n be 6/((-1)/(-2) - -1). Suppose -n*m - x = -5*m. What is the units digit of m?
3
Let h = 5 - 6. Let o = 2 + h. What is the units digit of o?
1
Let y(f) = 35*f**2 - f - 1. Let s be y(-1). What is the units digit of 777/s - 2/10?
2
Let z be (-54)/(-24) - 6/(-8). Suppose -r - 28 = -z*o + 28, 0 = 2*o + 2*r - 24. What is the tens digit of o?
1
Let x = -12 - -12. Let w = 20 - x. What is the units digit of w?
0
Let p be (-12 - 4)*2/(-4). Suppose j - 2 - p = 0. What is the units digit of j?
0
Suppose 0*g + 4*g = 16. Suppose u - 16 = -5*k, u - g*k + 5 = 12. What is the units digit of u?
1
Let f = 18 - -79. Suppose -3*w + f = -20. What is the tens digit of w?
3
Suppose 0 = 3*t - 2*x + 34 - 169, 0 = x + 3. What is the units digit of t?
3
What is the units digit of 39/(6*3/12)?
6
Let w = 0 + 12. Let t(v) = 2*v - 12. What is the tens digit of t(w)?
1
Let o = -10 - -14. Let g = 9 + o. What is the tens digit of g?
1
Let w = -13 - -18. Suppose 5*n - 4*z = 10, -w*n = -0*n + 3*z - 10. What is the units digit of n?
2
Suppose 3*c + 2*b = 9 + 14, -5*b - 5 = -5*c. Let m = 21 + c. What is the tens digit of m?
2
Let h(z) = z - 5*z**2 + 3 + z**3 - 1 + 2. Let u be h(3). Let v = -1 - u. What is the units digit of v?
0
Let p(t) = -t**3 + t**2 - t + 1. Let c(x) = -x**3 + 9*x**2 - 2*x + 1. Let h(k) = -c(k) + 2*p(k). Let a be h(-7). What is the units digit of 6 + 0 + 0 + a?
7
Suppose 3*s - 3*t + 12 = 0, -3*t + 7 = -2. What is the tens digit of -1 - (1 + s - 24)?
2
Let f = 55 + -77. Let a be 6/(-33) - 48/f. Suppose -a*o - 68 = -6*o. What is the units digit of o?
7
Let p(d) = -d**3 - 2*d**2 + 6*d - 15. What is the units digit of p(-6)?
3
Let t(p) = 2*p**3 - 7*p**2 - 4*p + 2. What is the units digit of t(4)?
2
Suppose 4*s + 5*n - 19 = -0*s, -4*n = -2*s - 10. Suppose -s = 3*c + 5. What is the tens digit of c + 1 - (-9 + -2)?
1
Suppose 132 = -3*y + 7*y. Let n = -13 + y. What is the units digit of n?
0
Let t(l) = 4*l**2 + 2*l - 1. Let a be t(-2). Let b = a - 8. Suppose -5*o + 5*r = -3*o + 12, 3*r = b*o. What is the units digit of o?
4
Let n = 25 + -5. Suppose -44 = -3*c + 4*q, 0*q = -5*c - 4*q + n. Suppose -v + c = -0*m + 3*m, -5*m = 5*v. What is the units digit of m?
4
Let k be 3/(-2)*(-4)/6. Suppose 4*z = -n - 61, 7 = 5*z + 4*n + 86. What is the units digit of ((-9)/z)/(k/5)?
3
What is the units digit of (-1)/7 - 2470/(-91)?
7
Let k(r) = -r + 4. Let v be k(6). Let u = v - -4. Suppose -u*d + 3*d + 16 = 4*p, -13 = -p - 2*d. What is the units digit of p?
5
Suppose f - 86 = -3*s, -s - 2*s + 3 = 0. What is the tens digit of f?
8
Let a = 12 + -7. Let s = -3 + a. Suppose -s*f = 2*f - 28. What is the units digit of f?
7
Suppose -1379 = -4*w - 59. What is the hundreds digit of w?
3
Let v(g) = g**2 + 7*g + 12. What is the units digit of v(-5)?
2
Let y(r) = r**3 + 7*r**2 - 8*r + 4. Let a be y(-8). Suppose -m + 80 = a*m. What is the units digit of m?
6
Suppose 0 = -c + 12 + 22. Suppose 0 = 4*u - o - 45, -o + 0 - c = -3*u. What is the tens digit of u?
1
Let k be -6*(10/4)/5. Let d be (-5)/(k*(-1)/3). Let z = d - -8. What is the units digit of z?
3
What is the tens digit of 60/9*(-168)/(-16)?
7
Suppose 0*s + 18 = 3*s. Let n = -1 + s. Suppose -n*t - 40 = -4*d + 37, 3*d - t = 44. What is the units digit of d?
3
Let b be (-21)/(-6)*8/14. Suppose -5*d + b*p + 20 = 0, 2*p = -4*d + 2*d - 6. Suppose 5*k - 3*k = d. What is the units dig